f t.
19
Suppose 0 = 7*m - 29 - 48. List the prime factors of m.
11
Let h(b) = -15*b - 55. List the prime factors of h(-17).
2, 5
Suppose 0 = x - 2*y + 1 + 7, 2*y - 12 = -x. Let z be 4/x + 3 + -2. Suppose 2*a + 1 = a - 4*t, -z*a + 21 = 4*t. List the prime factors of a.
11
Suppose 0 = 3*y + 152 + 103. What are the prime factors of 1/(y/(-42) - 2)?
2, 3, 7
Suppose -239 = 38*a - 39*a. List the prime factors of a.
239
Suppose 0 = -s - 4*v + 17, 5*s = 3*v + 5 + 11. What are the prime factors of s?
5
Let r(w) = w**3 - 9*w**2 - 6*w - 8. Suppose -4*a + 30 + 10 = 0. What are the prime factors of r(a)?
2
Let f(j) be the third derivative of j**5/30 + j**4/24 + j**3/6 + 3*j**2. Let d be f(2). Suppose d = 3*u - 10. What are the prime factors of u?
7
Suppose -2*v = -5*z + 110, -2*v - 44 = -2*z - 6*v. What are the prime factors of z?
2, 11
Suppose -2*h = 2*g - 42, -3*h = 5*g - 88 + 21. What are the prime factors of h?
19
List the prime factors of 2 - 1*(-142 - -3).
3, 47
Let z be 2/2 - (1 - 2). Suppose -85 = -5*l + z*y - 0*y, l - 17 = -2*y. Suppose 5*o - 3 = l. List the prime factors of o.
2
Let z = -64 - -19. Let o = -30 - z. List the prime factors of o.
3, 5
Let o(l) = -3*l**3 + 6*l**2 + 2*l**3 + 8 + 2*l**3. What are the prime factors of o(-6)?
2
Let a(n) = n. Let r be a(5). List the prime factors of (4/3)/(r/45).
2, 3
Let p(x) = -x**2 + 10*x - 5. Let l be p(9). Let f = 0 + 1. What are the prime factors of (l + (f - 3))*1?
2
Let t(a) = 5*a**3 + a**2 + 4*a - 3. What are the prime factors of t(2)?
7
Suppose 0 = -5*b - j + 54, -2*j + 12 = b - 6. Suppose n + b = 3*n. What are the prime factors of n?
5
Let o(a) = a**3 + 4*a**2 - 7*a - 3. Let i be o(-5). Suppose 5*t = -i*p + 2*p + 85, 3*t - 67 = p. What are the prime factors of t?
3, 7
Let r = 10 + -7. Suppose -r*m = -m. Suppose m = 2*w + w - 9. List the prime factors of w.
3
Suppose -5*y = -y - 16. Let o be (-3)/(-9)*(-6)/(-1). Let v = y - o. What are the prime factors of v?
2
Let s(r) be the second derivative of r**4/6 + 2*r**3/3 - 3*r**2 + r. List the prime factors of s(-5).
2, 3
Let j(n) = 2*n**2 - 5*n - 8. Let g be j(6). Suppose v + 3*u + 1 = -20, -5 = -5*u. Let t = v + g. What are the prime factors of t?
2, 5
Let k(y) = -17*y - 1. What are the prime factors of k(-1)?
2
Let r(h) = -h - 4. Let g be r(-5). Let m = g - -2. Suppose 12 = 2*a + m*a + 2*v, 4*v + 2 = 3*a. What are the prime factors of a?
2
Let a(w) = w**2 + 6*w + 5. Let g be a(-7). Let r = g - -4. List the prime factors of r.
2
Let j = -99 + 280. List the prime factors of j.
181
Let i = -43 - -85. List the prime factors of i.
2, 3, 7
Suppose 0 = 4*i - 8. Suppose 2*m - 4*d + 10 - i = 0, -4*d + 20 = m. Suppose -m*x = -5 - 7. List the prime factors of x.
3
Suppose 0 = -2*l + 4*t + 18, 3*l + 2*t - 17 = 3*t. Let y = l + 47. What are the prime factors of y?
2, 13
Let w = 45 - 21. Suppose -3*m = -6*m + w. What are the prime factors of m?
2
Suppose -3*v + 0*v + 9 = 0. Suppose 0 = v*a - a - 6. What are the prime factors of a?
3
Let f(n) = -3*n - 1. Let i be f(-1). Suppose -i*t = 3 - 11. Let p = t + 3. List the prime factors of p.
7
Let c = -44 + 217. What are the prime factors of c?
173
Suppose 3*o + 42 + 31 = 4*s, -5*s = -2*o - 100. Suppose -4*t = 3*p + s, 2*t = p - 2 - 14. List the prime factors of -2 + 3*t/(-3).
5
Suppose 0 = 2*l + 3*l + 10. List the prime factors of ((-5)/l)/(1/14).
5, 7
Let i = -4 + 6. Suppose i*j = j - 3, 2*s - 66 = -2*j. What are the prime factors of s?
2, 3
Let z be (-1)/(3 + 30/(-9)). Suppose z*y - 28 = 8. List the prime factors of y.
2, 3
List the prime factors of (273/14 + 1)*(0 + 2).
41
Let o = -25 + 49. Suppose -o*x - 102 = -26*x. List the prime factors of x.
3, 17
Suppose -131 + 39 = -w. List the prime factors of w.
2, 23
Let q = 16 - -11. What are the prime factors of q?
3
Suppose -g - 6*c - 15 = -3*c, -g - 4*c = 19. Let p = g + 3. Suppose 3*v = -p + 9. What are the prime factors of v?
3
List the prime factors of (-3)/(-7) - (-88)/7.
13
Suppose -d + p - 6 + 2 = 0, -3*d - 3*p - 6 = 0. List the prime factors of -6*(16/d)/4.
2
Let t = -34 + 75. What are the prime factors of t?
41
Let b = 13 - 20. Let q be (b/2)/((-2)/48). List the prime factors of (2/(-6))/((-4)/q).
7
Let v(t) = -t - 6. Let l be v(-8). Suppose 6*j - j = -m + 89, l*m + 38 = 2*j. What are the prime factors of j?
2, 3
Let y(c) = -c**2 - 6*c - 3. Let h be y(-5). Suppose -2*m + h + 14 = 0. List the prime factors of m.
2
Let g = -16 - -33. What are the prime factors of g?
17
Suppose -12*m + 90 = -9*m. List the prime factors of m.
2, 3, 5
Let g be 0/(-2)*(2 + -1). Suppose 2*x - x - 61 = g. List the prime factors of (-6)/(-21) + x/7.
3
Let v = -58 + 81. List the prime factors of v.
23
Suppose 3*q + g + 7 = -0*g, 4*g + 4 = -4*q. What are the prime factors of 4/(-3)*-9 + q?
3
Let s be (-6)/(-1)*(-1)/(-2). Suppose f - 3 = s. What are the prime factors of f?
2, 3
Suppose -28 = -4*t + 4*f, 2*t + f = -0*f + 11. Let h(q) = 2*q - 7. Let c be h(t). Let a(s) = 2*s - 1. List the prime factors of a(c).
3
List the prime factors of (-10 - -13) + (-158)/(-2).
2, 41
Let f = -231 + 481. List the prime factors of f.
2, 5
Suppose 0 = -3*i + 2*q + 3, 4*q = 2*i + 5 - 15. Let w = 7 + i. What are the prime factors of w?
2, 3
Let w(m) = -5*m - 4. Let o be w(-4). Suppose 3*d - o = d. Let a = d + 0. What are the prime factors of a?
2
Let d(m) = m**2 - 4*m + 4. Suppose o + 0*o - 5 = 0. Suppose 17 = -0*p + p + 3*x, 30 = 2*p + o*x. What are the prime factors of d(p)?
3
Suppose 3*s + 2*n + 45 = 0, -4*s - 42 = -3*n + 18. Let i be (-1)/(-2) + s/(-2). Let h = i - 2. List the prime factors of h.
2, 3
Suppose -5*m = -8*m + 84. What are the prime factors of m?
2, 7
Let t = -4 + -11. List the prime factors of ((-4)/(-5))/((-2)/t).
2, 3
Suppose 0*f = 2*f - 74. Let w = -20 + f. List the prime factors of w.
17
Let w = -4 + 26. Suppose g - w = 22. List the prime factors of g.
2, 11
Let z(s) be the third derivative of 31*s**6/120 - s**5/60 + s**4/24 - s**3/6 + 5*s**2. List the prime factors of z(1).
2, 3, 5
Let c = -2 + 5. Suppose -c*l = -25 - 35. Suppose 0 = -5*v + 55 - l. What are the prime factors of v?
7
Let q(l) = -l**3 + 10*l**2 - 8*l + 28. List the prime factors of q(9).
37
Let k(o) = 14*o - 4. List the prime factors of k(3).
2, 19
List the prime factors of (12/(-8))/(9/(-150)).
5
Let n be 12/(-6) + 6 + -2. Let q(z) = 3*z**3 + z**2 + 1. What are the prime factors of q(n)?
29
Let a(t) = -t**3 + 5*t**2 + 4*t - 1. Let d be a(6). Let q = 27 + d. What are the prime factors of q?
2, 7
Let v be (1 + 1 - -1) + -1. Let j = v - 3. List the prime factors of (2/j - -2) + 7.
7
Suppose 0*g - 5*g - q = -755, 0 = q - 5. What are the prime factors of g?
2, 3, 5
Let w = 378 + -163. List the prime factors of w.
5, 43
Let q = -15 + 36. List the prime factors of q.
3, 7
Let l(c) = -4*c + 1. Let b = -21 + 11. Let q = b + 6. What are the prime factors of l(q)?
17
Suppose -o = 4*o - 5. What are the prime factors of o/((-1 - 0)/(-5))?
5
Let o = -44 - -127. What are the prime factors of o?
83
Let g(q) = q + 16. Let y be g(-7). Suppose -y = -3*s + 2*s. List the prime factors of s.
3
Let v be -3 + 16 + -3 + 3. Suppose -r - v = -2*r. List the prime factors of r.
13
Let m(w) = w - 8. Suppose -3*v + 5*l - 10 = -6*v, -4*v - 4*l = -8. Let b be m(v). List the prime factors of b/20 - (-214)/10.
3, 7
Let h = -85 - -135. List the prime factors of h.
2, 5
Let u be (-14 + 16)*44/2. Suppose -3*r + 5*r - u = 0. List the prime factors of r.
2, 11
Let z(k) = 2*k**3 + 2*k**2 - 1. Let p be z(-1). Let s = p + 22. List the prime factors of s.
3, 7
Let q be (-2 - (-2 + -1))*2. Let o(f) = 0 + 1 + f - q*f + 14*f. List the prime factors of o(1).
2, 7
Let c be (-19)/(-7) - (-16)/56. Suppose -4*i - v + 95 = -6*v, c*i - v - 63 = 0. List the prime factors of i.
2, 5
Let i(z) = -29*z + 2. Let v be i(-2). Suppose -2*k + 7*k - v = 0. What are the prime factors of k?
2, 3
Suppose -5*h + 3*b = -h - 364, -3*h = -3*b - 270. What are the prime factors of h?
2, 47
Let t = -24 + 42. Suppose 9 = -3*j, -r + 5*j + 3 = -0*r. Let s = t + r. What are the prime factors of s?
2, 3
Suppose 0*v + 24 = 5*v - 3*p, 2*p + 2 = v. Suppose 2*o = -5*m + 37, -3*o + v*o = 4*m + 90. List the prime factors of o.
2, 13
Let s(m) = -m**3 - 3*m**2 + 4*m + 4. Let g be s(-4). Suppose 3*w - 7